base 7, what is 0 - 36421?
-36421
In base 14, what is 78c53 + 5?
78c58
In base 8, what is 7307 - 10?
7277
In base 2, what is -10 - 100001101010001111?
-100001101010010001
In base 9, what is -3 - -15803?
15800
In base 11, what is 3 - 4257?
-4254
In base 9, what is 3 - 1352?
-1348
In base 6, what is 1342 + 443?
2225
In base 12, what is -5 - -3031a7?
3031a2
In base 2, what is 101011010 - -1011000101100?
1011110000110
In base 3, what is 12101 + -10011?
2020
In base 16, what is -2 + 16e05?
16e03
In base 13, what is 2a - 674?
-647
In base 3, what is -20022011 + -110?
-20022121
In base 6, what is -122 - -15101?
14535
In base 16, what is -2 + -1b1ae?
-1b1b0
In base 4, what is -23103212 + -2?
-23103220
In base 2, what is -101100 + 11100111010010010?
11100111001100110
In base 9, what is -2313 + 12?
-2301
In base 13, what is -5 - a10?
-a15
In base 9, what is 4 - -128084?
128088
In base 13, what is 12 - b08c9?
-b08b7
In base 4, what is -13233213 + -11?
-13233230
In base 10, what is 8 - -1736?
1744
In base 12, what is 39a05 - 1?
39a04
In base 4, what is -2 + -1311210?
-1311212
In base 4, what is -10 - 3031310?
-3031320
In base 4, what is -30212 - 201?
-31013
In base 3, what is -2 - 10012011121?
-10012011200
In base 11, what is -26 + -22454?
-2247a
In base 7, what is -515 + 4566?
4051
In base 15, what is 4 + -4911?
-490c
In base 7, what is 3660024 + -5?
3660016
In base 5, what is 13 - -32330323?
32330341
In base 4, what is 233 + 2203210?
2210103
In base 11, what is 113 + -863?
-750
In base 15, what is -20e - -e?
-200
In base 12, what is -28 + 60?
34
In base 3, what is 10211101 - 1201?
10202200
In base 2, what is -1110 - -11100000101?
11011110111
In base 12, what is 0 + -6a21a?
-6a21a
In base 2, what is -10001 + -110101111111?
-110110010000
In base 16, what is 7 + 69cc?
69d3
In base 5, what is 12 + 330400?
330412
In base 3, what is 12 - 20222000?
-20221211
In base 10, what is 4 - -589826?
589830
In base 12, what is -2096 + -46?
-2120
In base 15, what is 36 - -1ae9?
1b30
In base 16, what is -b - 67e?
-689
In base 5, what is 1421001 - -101?
1421102
In base 7, what is 1236 + 15240?
16506
In base 14, what is c467 + -6?
c461
In base 13, what is -bc - -2a1b?
292c
In base 13, what is -126 + b5c?
a36
In base 12, what is 11a30 - -2?
11a32
In base 5, what is -4 + -313310?
-313314
In base 3, what is 1112201201 - -10?
1112201211
In base 12, what is -378 - -30?
-348
In base 10, what is -425 - 32?
-457
In base 2, what is -10001 - 1110101101001?
-1110101111010
In base 11, what is 20a8 + -102?
1aa6
In base 14, what is 4 + 77985?
77989
In base 15, what is -22 - 62ae?
-62d1
In base 12, what is 1786a + 2?
17870
In base 10, what is -124 - -792?
668
In base 7, what is 225 - -616?
1144
In base 13, what is -5 + 1178?
1173
In base 7, what is 1214206 - -4?
1214213
In base 9, what is 2 - -22214?
22216
In base 10, what is -12 - -50802?
50790
In base 15, what is -2a02c - 4?
-2a031
In base 15, what is 2 - -439d?
43a0
In base 15, what is -2 + c81d6?
c81d4
In base 11, what is -3464 - 158?
-3611
In base 16, what is 2f + -249b?
-246c
In base 13, what is -634 + 11?
-623
In base 10, what is 0 + -758858?
-758858
In base 15, what is -5 + 2a9bc?
2a9b7
In base 11, what is -165 + 13799?
13634
In base 7, what is 3 - -121116?
121122
In base 5, what is 31300134 + -2?
31300132
In base 13, what is -26 - -300?
2a7
In base 14, what is -1db2 - 12?
-1dc4
In base 6, what is 2 + 201024?
201030
In base 16, what is 80 - 104?
-84
In base 3, what is 212202100 - 11?
212202012
In base 3, what is 22122012010 + 1?
22122012011
In base 7, what is 116 - 2356?
-2240
In base 8, what is -410 + 5001?
4371
In base 7, what is -114501 + -60?
-114561
In base 4, what is -11 + 12110322?
12110311
In base 10, what is -16338 + -67?
-16405
In base 2, what is -1010000010 - -10?
-1010000000
In base 10, what is -76862 + -9?
-76871
In base 14, what is 2 - 20ac?
-20aa
In base 8, what is -6 + -2344710?
-2344716
In base 16, what is 3e7 - -1?
3e8
In base 12, what is -1116 + -5b?
-1175
In base 4, what is 0 + 130003?
130003
In base 2, what is -1010010100110 - -10001111?
-1010000010111
In base 13, what is -70 + -274?
-314
In base 15, what is 206d - cb?
1e92
In base 14, what is 6ac + -b3?
5d9
In base 14, what is 1d + -8b9?
-89a
In base 9, what is 0 - 3357?
-3357
In base 6, what is -42323 - -23?
-42300
In base 13, what is 40 - -a95?
b05
In base 7, what is -242613 - -1?
-242612
In base 8, what is 4 - 72215?
-72211
In base 14, what is 18 - 20c?
-1d4
In base 7, what is -106 + -4453?
-4562
In base 16, what is -3130 + 8e?
-30a2
In base 16, what is -24b41 + -5?
-24b46
In base 3, what is -210 - 2101222010?
-2101222220
In base 13, what is 6a3c - -60?
6a9c
In base 6, what is -100 - 31302?
-31402
In base 16, what is -86d1 - 1?
-86d2
In base 5, what is 12 - -2102320?
2102332
In base 3, what is -2 + 2000221112201?
2000221112122
In base 12, what is 9b - -16930?
16a0b
In base 5, what is -21302103 + -2?
-21302110
In base 2, what is 10001101001110111 - 100?
10001101001110011
In base 2, what is 1100010 + -10100110111110?
-10100101011100
In base 9, what is -172321 - 8?
-172330
In base 9, what is 10440130 + -2?
10440127
In base 2, what is -10011 - 1000101110111?
-1000110001010
In base 11, what is -3382 - -3?
-337a
In base 6, what is 2 + -1041552?
-1041550
In base 11, what is -1 - 658?
-659
In base 2, what is -11 + 1011111110000110?
1011111110000011
In base 16, what is 2baa1 + -2?
2ba9f
In base 2, what is -10 - 10110001110100010?
-10110001110100100
In base 8, what is 3 - 15056?
-15053
In base 4, what is -130213 + 333?
-123220
In base 6, what is -15440 - 14?
-15454
In base 9, what is -2 - -27218?
27216
In base 7, what is 0 + -5161?
-5161
In base 10, what is -62 + 131?
69
In base 10, what is 72846 - 2?
72844
In base 16, what is -10b5d + 6?
-10b57
In base 11, what is -4 - 11799?
-117a2
In base 5, what is 24041 - 343?
23143
In base 3, what is -10 - 101211000?
-101211010
In base 15, what is e8 - -856?
94e
In base 8, what is -11272 - -13?
-11257
In base 7, what is -2 + -23100?
-23102
In base 14, what is 2 + 1c5da?
1c5dc
In base 7, what is 62 - -1444?
1536
In base 15, what is -ac18 - -3?
-ac15
In base 7, what is 33 - -4214?
4250
In base 8, what is 11060 - 36?
11022
In base 5, what is 223403 + 11?
223414
In base 15, what is 2b + 1c3a?
1c66
In base 13, what is c + 8b1?
8c0
In base 15, what is -6c - -107?
8a
In base 14, what is 5 - 15262c?
-152627
In base 4, what is -13303311 + -2330?
-13312301
In base 3, what is 2202 + 121112110?
121122012
In base 10, what is 100 - -496?
596
In base 7, what is -1265044 - -2?
-1265042
In base 7, what is -2301 - 6212?
-11513
In base 3, what is -101221120002 - -202?
-101221112100
In base 4, what is 2 - 1130320?
-1130312
In base 10, what is 109 + -36?
73
In base 11, what is 874 + -3679?
-2905
In base 5, what is 14 - -33411?
33430
In base 14, what is -5490 + 4?
-548a
In base 11, what is -106 - 29?
-134
In base 6, what is -145 - -3505?
3320
In base 5, what is -34011 - -4130?
-24331
In base 15, what is -6 + -ad64?
-ad6a
In base 11, what is 6019 - 16?
6003
In base 16, what is 40 - -e7?
127
In base 6, what is 4 + -3144433?
-3144425
In base 10, what is 0 - 24523?
-24523
In base 12, what is 4b + 58?
a7
In base 12, what is -345 + 583?
23a
In base 7, what is 6461 + -10?
6451
In base 5, what is 4231413 - 4?
4231404
In base 11, what is 24 + -1312?
-1299
In base 9, what is 4831 + -3?
4827
In base 3, what is -11021002 + -11?
-11021020
In base 4, what is 10123 + 102311?
113100
In base 7, what is 21 - -10120?
10141
In base 15, what is b + -10d9d?
-10d92
In base 2, what is 111010110111010 + 101?
111010110111111
In base 12, what is -39837 + 4?
-39833
In base 3, what is 2021212002 + -111?
2021211121
In base 10, what is 261 - 83?
178
In base 10, what is 26712 - 12?
26700
In base 10, what is 4 + -685229?
-685225
In base 2, what is 100 - -1111110001110100100?
1111110001110101000
In base 8, what is -434 + -41?
-475
In base 6, what is 3 + 13433302?
13433305
In base 9, what is -530658 + -7?
-530666
In base 4, what is -3320 + 2001?
-1313
In base 10, what is 81 + 3?
84
In base 13, what is -3095 + -3b?
-3103
In base 11, what is a05 + -12?
9a3
In base 9, what is -1018415 + -5?
-1018421
In base 9, what is 4 + 5800?
5804
In base 6, what is 1513540 + 0?
1513540
In base 